{"id":646,"date":"2026-03-08T13:54:15","date_gmt":"2026-03-08T13:54:15","guid":{"rendered":"https:\/\/roxannesequineatelier.nl\/?page_id=646"},"modified":"2026-03-15T14:04:07","modified_gmt":"2026-03-15T14:04:07","slug":"silverstorm-2-1-1","status":"publish","type":"page","link":"https:\/\/roxannesequineatelier.nl\/?page_id=646","title":{"rendered":"Balanslessen"},"content":{"rendered":"<div data-colibri-id=\"646-c1\" class=\"style-314 style-local-646-c1 position-relative\">\n  <!---->\n  <div data-colibri-component=\"section\" data-colibri-id=\"646-c2\" id=\"initial-content\" class=\"h-section h-section-global-spacing d-flex align-items-lg-center align-items-md-center align-items-center style-315 style-local-646-c2 position-relative\">\n    <!---->\n    <!---->\n    <div class=\"h-section-grid-container h-section-boxed-container\">\n      <!---->\n      <div data-colibri-id=\"646-c3\" class=\"h-row-container gutters-row-lg-2 gutters-row-md-2 gutters-row-0 gutters-row-v-lg-2 gutters-row-v-md-2 gutters-row-v-2 style-368 style-local-646-c3 position-relative\">\n        <!---->\n        <div class=\"h-row justify-content-lg-center justify-content-md-center justify-content-center align-items-lg-stretch align-items-md-stretch align-items-stretch gutters-col-lg-2 gutters-col-md-2 gutters-col-0 gutters-col-v-lg-2 gutters-col-v-md-2 gutters-col-v-2\">\n          <!---->\n          <div class=\"h-column h-column-container d-flex h-col-lg-auto h-col-md-auto h-col-auto style-369-outer style-local-646-c4-outer\">\n            <div data-colibri-id=\"646-c4\" class=\"d-flex h-flex-basis h-column__inner h-px-lg-2 h-px-md-2 h-px-2 v-inner-lg-2 v-inner-md-2 v-inner-2 style-369 style-local-646-c4 position-relative\">\n              <!---->\n              <!---->\n              <div class=\"w-100 h-y-container h-column__content h-column__v-align flex-basis-100 align-self-lg-start align-self-md-start align-self-start\">\n                <!---->\n                <div data-colibri-id=\"646-c5\" class=\"h-text h-text-component style-373 style-local-646-c5 position-relative h-element\">\n                  <!---->\n                  <!---->\n                  <div class=\"\">\n                    <p><span style=\"color: rgb(214, 185, 117);\"><br><\/span><\/p>\n                    <h2>\n                      <u style=\"color: rgb(214, 185, 117);\">Balanslessen<\/u>\n                    <\/h2>\n                    <p><span style=\"color: rgb(214, 185, 117);\"><br><\/span><\/p>\n                    <p><span style=\"color: rgb(214, 185, 117);\">Een paard dat echt in balans loopt, vraagt nooit via de teugel om naar beneden te gaan. Wanneer een paard uit balans is, kan dit leiden tot rennen, bollen, steigeren of staken. Dit is logisch, want een ruiter op de rug verandert het balanspunt van het paard \u2013 iets wat voor het paard niet vanzelfsprekend is. Vergelijk het met lopen met een kind op je nek: je moet anders bochten nemen, bukken of stil gaan staan. Zonder ruiter kan een paard soepel galopperen door een bocht, maar met een ruiter vereist het een andere houding en een ander gebruik van het lichaam. Wanneer het gewicht goed verdeeld is over beide schouders \u2013 de verticale balans \u2013 laat het paard zijn hals ontspannen vallen. Met een goed samenspel kan het paard jouw hand opzoeken, en vanuit daar werk je verder aan de horizontale balans. Maar balans gaat niet alleen over het paard; de ruiter speelt een even grote rol. Als de ruiter niet in balans zit, kan het paard nooit optimaal lopen. Tijdens mijn balanslessen werk ik daarom volgens de principes van gecentreerd rijden. De houding en zit van de ruiter kunnen het paard ondersteunen of juist beperken. Alle gewrichten van de ruiter moeten vrij kunnen bewegen. Als \u00e9\u00e9n gewricht vaststaat, volgt de rest van het lichaam automatisch. Dit sluit aan bij de regel van vergelijkbare delen: wat de ruiter vastzet, zal het paard ook vastzetten. Door te letten op zachte ogen, het rustig opbouwen van blokkades, intentie, ademhaling en rijden vanuit de botten, beperken we de beweging van het paard zo min mogelijk. Er zijn talloze oefeningen die de ruiter helpen meer balans te vinden. Dat maakt het rijden niet alleen prettiger en effectiever voor het paard, maar ook veel plezieriger voor de ruiter zelf. Voor meer info kijk bij losse lessen.<\/span><\/p>\n                    <p><span style=\"color: rgb(214, 185, 117);\"><br><\/span><\/p>\n                    <h4><span style=\"color: rgb(214, 185, 117);\">De balans van de ruiter<\/span><\/h4>\n                    <p><span style=\"color: rgb(214, 185, 117);\">Als de ruiter niet in balans zit, kunnen we ook niet verwachten dat het paard goed in balans loopt. Tijdens mijn balanslessen werk ik volgens de principes van Centered Riding. De houding en zit van de ruiter kunnen het paard helpen \u00f3f juist belemmeren. Alle gewrichten van de ruiter moeten vrij kunnen bewegen. Als \u00e9\u00e9n gewricht vastgezet wordt, volgt de rest van het lichaam dit automatisch. Dit hangt samen met de regel van comparable parts: wat de ruiter vastzet, zal het paard ook vastzetten. Door te letten op zachte ogen, blokken opbouwen, intentie, ademhaling en rijden vanuit de botten, kunnen we het paard zo min mogelijk beperken in zijn beweging. Er zijn talloze oefeningen die de ruiter helpen meer balans te vinden, wat het rijden zowel voor het paard als voor de ruiter aangenamer en plezieriger maakt.<\/span><\/p>\n                    <p>\n                      <br>\n                    <\/p>\n                  <\/div>\n                <\/div>\n              <\/div>\n            <\/div>\n          <\/div>\n        <\/div>\n      <\/div>\n      <div data-colibri-id=\"646-c6\" class=\"h-row-container gutters-row-lg-2 gutters-row-md-2 gutters-row-0 gutters-row-v-lg-2 gutters-row-v-md-2 gutters-row-v-2 style-365 style-local-646-c6 position-relative\">\n        <!---->\n        <div class=\"h-row justify-content-lg-center justify-content-md-center justify-content-center align-items-lg-stretch align-items-md-stretch align-items-stretch gutters-col-lg-2 gutters-col-md-2 gutters-col-0 gutters-col-v-lg-2 gutters-col-v-md-2 gutters-col-v-2\">\n          <!---->\n          <div class=\"h-column h-column-container d-flex h-col-lg-auto h-col-md-auto h-col-auto style-354-outer style-local-646-c7-outer\">\n            <div data-colibri-id=\"646-c7\" class=\"d-flex h-flex-basis h-column__inner h-px-lg-2 h-px-md-2 h-px-2 v-inner-lg-2 v-inner-md-2 v-inner-2 style-354 style-local-646-c7 position-relative\">\n              <!---->\n              <!---->\n              <div class=\"w-100 h-y-container h-column__content h-column__v-align flex-basis-100 align-self-lg-center align-self-md-center align-self-center\">\n                <!---->\n                <div data-colibri-id=\"646-c8\" class=\"h-text h-text-component style-367 style-local-646-c8 position-relative h-element\">\n                  <!---->\n                  <!---->\n                  <div class=\"\">\n                    <h5>\n                      <u style=\"color: rgb(214, 185, 117); font-family: &quot;Open Sans&quot;;\">Tarieven Balanslessen<\/u>\n                    <\/h5>\n                    <p>\n                      <br>\n                    <\/p>\n                    <p><span style=\"color: rgb(214, 185, 117);\">\u20ac52,50 <\/span><\/p>\n                    <p><span style=\"color: rgb(214, 185, 117);\">45 min hier of op locatie<\/span><\/p>\n                    <p><span style=\"color: rgb(214, 185, 117);\">\u20ac0,30 Per Km<\/span><\/p>\n                    <p>\n                      <br>\n                    <\/p>\n                  <\/div>\n                <\/div>\n              <\/div>\n            <\/div>\n          <\/div>\n        <\/div>\n      <\/div>\n      <div data-colibri-id=\"646-c9\" class=\"h-row-container gutters-row-lg-1 gutters-row-md-1 gutters-row-0 gutters-row-v-lg-1 gutters-row-v-md-1 gutters-row-v-1 style-319 style-local-646-c9 position-relative\">\n        <!---->\n        <div class=\"h-row justify-content-lg-center justify-content-md-center justify-content-center align-items-lg-stretch align-items-md-stretch align-items-stretch gutters-col-lg-1 gutters-col-md-1 gutters-col-0 gutters-col-v-lg-1 gutters-col-v-md-1 gutters-col-v-1\">\n          <!---->\n          <div class=\"h-column h-column-container d-flex h-col-lg-auto h-col-md-auto h-col-auto style-320-outer style-local-646-c10-outer\">\n            <div data-colibri-id=\"646-c10\" class=\"d-flex h-flex-basis h-column__inner h-ui-empty-state-container h-px-lg-1 h-px-md-1 h-px-1 v-inner-lg-1 v-inner-md-1 v-inner-1 style-320 style-local-646-c10 position-relative\">\n              <!---->\n              <!---->\n              <div class=\"w-100 h-y-container h-column__content h-column__v-align flex-basis-100\">\n                <!---->\n              <\/div>\n            <\/div>\n          <\/div>\n        <\/div>\n      <\/div>\n    <\/div>\n  <\/div>\n<\/div>","protected":false},"excerpt":{"rendered":"<p>Balanslessen Een paard dat echt in balans loopt, vraagt nooit via de teugel [&hellip;]<\/p>\n","protected":false},"author":1,"featured_media":0,"parent":0,"menu_order":0,"comment_status":"closed","ping_status":"closed","template":"page-templates\/homepage.php","meta":{"footnotes":""},"class_list":["post-646","page","type-page","status-publish","hentry"],"_links":{"self":[{"href":"https:\/\/roxannesequineatelier.nl\/index.php?rest_route=\/wp\/v2\/pages\/646","targetHints":{"allow":["GET"]}}],"collection":[{"href":"https:\/\/roxannesequineatelier.nl\/index.php?rest_route=\/wp\/v2\/pages"}],"about":[{"href":"https:\/\/roxannesequineatelier.nl\/index.php?rest_route=\/wp\/v2\/types\/page"}],"author":[{"embeddable":true,"href":"https:\/\/roxannesequineatelier.nl\/index.php?rest_route=\/wp\/v2\/users\/1"}],"replies":[{"embeddable":true,"href":"https:\/\/roxannesequineatelier.nl\/index.php?rest_route=%2Fwp%2Fv2%2Fcomments&post=646"}],"version-history":[{"count":14,"href":"https:\/\/roxannesequineatelier.nl\/index.php?rest_route=\/wp\/v2\/pages\/646\/revisions"}],"predecessor-version":[{"id":1111,"href":"https:\/\/roxannesequineatelier.nl\/index.php?rest_route=\/wp\/v2\/pages\/646\/revisions\/1111"}],"wp:attachment":[{"href":"https:\/\/roxannesequineatelier.nl\/index.php?rest_route=%2Fwp%2Fv2%2Fmedia&parent=646"}],"curies":[{"name":"wp","href":"https:\/\/api.w.org\/{rel}","templated":true}]}}